238581
What are the prime factors of 114510101?
10007, 11443
What are the prime factors of 17885257?
13, 29, 47441
What are the prime factors of 116967805?
5, 31, 61, 89, 139
List the prime factors of 4307097.
3, 167, 8597
What are the prime factors of 1395943266?
2, 3, 232657211
What are the prime factors of 5638999?
1907, 2957
List the prime factors of 71938142.
2, 19, 73, 25933
List the prime factors of 179143842.
2, 3, 41, 821, 887
What are the prime factors of 183233523?
3, 11, 1019, 5449
List the prime factors of 651509527.
16553, 39359
List the prime factors of 79045345.
5, 15809069
What are the prime factors of 67569916?
2, 16892479
List the prime factors of 38151501.
3, 29, 438523
List the prime factors of 535354320.
2, 3, 5, 2230643
What are the prime factors of 82534076?
2, 2767, 7457
List the prime factors of 4878323174.
2, 83, 29387489
What are the prime factors of 257117978?
2, 13, 347, 28499
List the prime factors of 1776432913.
271, 6555103
What are the prime factors of 407144723?
407144723
What are the prime factors of 472163802?
2, 3, 11, 109, 65633
What are the prime factors of 72054187?
997, 72271
What are the prime factors of 210101257?
331, 634747
What are the prime factors of 181499802?
2, 3, 11, 103, 26699
List the prime factors of 221213832.
2, 3, 7, 188107
List the prime factors of 6042058236.
2, 3, 1109, 151339
List the prime factors of 4419842609.
7, 13, 691, 70289
List the prime factors of 600505097.
229, 2622293
What are the prime factors of 235320325?
5, 9412813
List the prime factors of 5350614783.
3, 523, 3410207
List the prime factors of 6352692.
2, 3, 23, 23017
What are the prime factors of 242911312?
2, 7, 2168851
What are the prime factors of 254492426?
2, 1289, 98717
What are the prime factors of 11374806?
2, 3, 19, 113, 883
What are the prime factors of 36279751?
17, 283, 7541
What are the prime factors of 775318282?
2, 41, 9455101
List the prime factors of 738990159.
3, 37, 1063, 6263
List the prime factors of 68649137.
181, 379277
List the prime factors of 39275437.
39275437
What are the prime factors of 192731927?
23, 37, 6121
List the prime factors of 905552651.
17, 947, 56249
What are the prime factors of 1184671343?
41, 28894423
List the prime factors of 1399695330.
2, 3, 5, 11, 385591
What are the prime factors of 2687828105?
5, 12433, 43237
What are the prime factors of 1625203488?
2, 3, 16929203
What are the prime factors of 340835792?
2, 11, 53, 61, 599
What are the prime factors of 216882946?
2, 7, 15491639
What are the prime factors of 79521009?
3, 107, 247729
List the prime factors of 757145199.
3, 252381733
What are the prime factors of 222476266?
2, 433, 256901
What are the prime factors of 393420532?
2, 3449, 28517
What are the prime factors of 530124631?
23, 23048897
What are the prime factors of 55580124?
2, 3, 29, 59, 2707
List the prime factors of 39584111.
7, 83, 9733
What are the prime factors of 10114896?
2, 3, 11, 19157
What are the prime factors of 2151940467?
3, 23, 31187543
List the prime factors of 859798770.
2, 3, 5, 28659959
List the prime factors of 45736313.
7, 6533759
What are the prime factors of 1347759980?
2, 5, 7, 23, 418559
List the prime factors of 2144361959.
149, 1013, 14207
List the prime factors of 4787089370.
2, 5, 7, 3229, 21179
List the prime factors of 2361616854.
2, 3, 393602809
List the prime factors of 551594035.
5, 19, 5806253
What are the prime factors of 66831506?
2, 7, 347, 13757
List the prime factors of 97660253.
1153, 84701
List the prime factors of 128439794.
2, 7, 17, 539663
List the prime factors of 644219413.
509, 1265657
List the prime factors of 134803643.
13, 10369511
List the prime factors of 70479939.
3, 23493313
What are the prime factors of 26524863?
3, 2947207
List the prime factors of 6972654689.
7, 11, 13, 1093, 6373
What are the prime factors of 51249465?
3, 5, 59, 97, 199
What are the prime factors of 122005256?
2, 15250657
List the prime factors of 948097054.
2, 7481, 63367
What are the prime factors of 525185808?
2, 3, 7, 367, 4259
What are the prime factors of 51993827?
307, 169361
What are the prime factors of 714814318?
2, 357407159
List the prime factors of 662847834.
2, 3, 11, 2803, 3583
What are the prime factors of 897435794?
2, 448717897
What are the prime factors of 103961695?
5, 113, 184003
What are the prime factors of 5773714977?
3, 587, 643, 5099
List the prime factors of 63537301.
53, 103, 113
What are the prime factors of 2767479029?
7, 19, 191, 108943
What are the prime factors of 470451470?
2, 5, 83, 103, 5503
List the prime factors of 101845023.
3, 7, 857, 5659
List the prime factors of 104310035.
5, 20862007
List the prime factors of 92222463.
3, 37, 830833
What are the prime factors of 2037804529?
43, 47390803
List the prime factors of 594777460.
2, 5, 173, 397, 433
List the prime factors of 181762718.
2, 2273, 39983
What are the prime factors of 930293663?
13, 31, 607, 3803
List the prime factors of 2348408289.
3, 9901, 79063
What are the prime factors of 605449589?
43, 71, 198313
What are the prime factors of 374473487?
47, 7967521
List the prime factors of 5994377020.
2, 5, 233, 941, 1367
What are the prime factors of 127407498?
2, 3, 29, 103, 7109
List the prime factors of 2630921980.
2, 5, 647, 203317
List the prime factors of 8623160.
2, 5, 7, 13, 23, 103
What are the prime factors of 19759023?
3, 163, 13469
List the prime factors of 776584498.
2, 479, 593, 1367
List the prime factors of 1050419471.
79, 13296449
What are the prime factors of 37502018?
2, 3019, 6211
List the prime factors of 135119461.
71, 1903091
What are the prime factors of 114925763?
17, 47, 8461
List the prime factors of 135622685.
5, 11, 17, 73, 1987
List the prime factors of 4498349545.
5, 23, 39116083
What are the prime factors of 587760254?
2, 61, 4817707
What are the prime factors of 711073142?
2, 13, 2699, 10133
List the prime factors of 6601746647.
109, 4789, 12647
What are the prime factors of 3954452592?
2, 3, 227, 362927
What are the prime factors of 132321287?
7, 29, 37, 79, 223
List the prime factors of 1232956319.
7, 176136617
What are the prime factors of 5368615834?
2, 27427, 97871
What are the prime factors of 2409463574?
2, 7, 24586363
List the prime factors of 36360112.
2, 41, 43, 1289
List the prime factors of 714683477.
714683477
What are the prime factors of 87625734?
2, 3, 7, 773, 2699
List the prime factors of 47269171.
353, 359, 373
List the prime factors of 185731842.
2, 3, 569, 54403
What are the prime factors of 3039794712?
2, 3, 1021, 41351
What are the prime factors of 156246721?
547, 285643
What are the prime factors of 22532691?
3, 31, 73, 3319
What are the prime factors of 479437868?
2, 7, 13, 19, 181, 383
List the prime factors of 2284608549.
3, 37, 1759, 11701
What are the prime factors of 1952445922?
2, 7, 139460423
What are the prime factors of 3778174524?
2, 3, 47, 149, 44959
What are the prime factors of 11385088?
2, 11, 13, 311
List the prime factors of 2105141500.
2, 5, 7, 11, 54679
What are the prime factors of 57255106?
2, 29, 41, 24077
What are the prime factors of 4865579253?
3, 179, 199, 5059
What are the prime factors of 814793170?
2, 5, 17, 23, 208387
List the prime factors of 1009238022.
2, 3, 13, 23, 62507
List the prime factors of 172915454.
2, 181, 631, 757
What are the prime factors of 35686066?
2, 13, 19, 29, 47, 53
List the prime factors of 76433527.
37, 79, 331
What are the prime factors of 955266261?
3, 17, 421, 44491
List the prime factors of 45855986.
2, 11, 1049, 1987
List the prime factors of 238706691.
3, 2423, 32839
What are the prime factors of 246561405?
3, 5, 16437427
What are the prime factors of 305837258?
2, 31, 4932859
What are the prime factors of 58052017?
58052017
What are the prime factors of 85632601?
19, 1033, 4363
List the prime factors of 368629662.
2, 3, 61438277
List the prime factors of 18812682.
2, 3, 7, 157, 317
List the prime factors of 4442467.
173, 25679
List the prime factors of 137587041.
3, 191, 80039
What are the prime factors of 2928679055?
5, 127, 1117, 4129
List the prime factors of 74390571.
3, 8265619
What are the prime factors of 2389681319?
19, 233, 539797
List the prime factors of 256608751.
7, 4621, 7933
What are the prime factors of 